035. What is the thousands digit of m?
3
Let u be -1 - 6*(-3)/6. Suppose u*i = -o + 2, -o + i - 5*i = 0. Suppose -o*k + 2*x + 6 = 0, k + 0*x = 4*x - 2. What is the units digit of k?
2
Suppose 11*n - 14 = 41. Suppose -n*x - 2*m = -3*m - 910, -x + m = -178. What is the units digit of x?
3
Suppose 5*u - 86 = 99. Suppose 0 = -6*i + u + 5. What is the units digit of i?
7
Suppose 2*g = 4*b - 102, -4*g - b - 280 = -103. Let t = -12 - g. Suppose -5*u - t = -98. What is the units digit of u?
3
Suppose -28*t + 53113 = -5351. What is the units digit of t?
8
What is the tens digit of (-1)/2 + 88/16 + 423?
2
Let b(z) = -z**2 + 4. Let i be b(0). Suppose -5*p + i*p + 1 = 0. What is the units digit of p - (-1 + 3)/(-1)?
3
What is the units digit of (4/(-6))/((-26)/2223)?
7
Suppose 0*j = 3*j + 4*k - 778, -2*k = -3*j + 790. What is the tens digit of 3 - ((-5)/(-1) - j)?
6
Suppose -3194 = -4*h - f, -5*h = -3*f + f - 3986. What is the hundreds digit of h?
7
Suppose 0 = 2*w + 4*c - 14, w + 18 = 3*w + 5*c. Let n be (20/w)/(0 - 1). Suppose g + g = n. What is the tens digit of g?
1
Suppose -9457 = -9*a - 1132. What is the tens digit of a?
2
Let l(w) = -w**2 - 2*w + 1. Let a be l(-5). Let s be -4*3/42*a. Suppose -60 = -s*m - 0*m. What is the tens digit of m?
1
What is the tens digit of (-14 + (0 - 0))*4779/(-54)?
3
Suppose 5*t - 20 = -0*t. Suppose 64 = t*y - 24. What is the units digit of y?
2
Let n(u) = 11*u - 3 + 36 - 12. What is the units digit of n(7)?
8
Suppose 5*r = -4*z + 28 + 9, 3*r = -z + 18. Suppose -140 = -r*n - h, 5*n - 93 = n + 3*h. What is the tens digit of n?
2
What is the hundreds digit of (1/(-2))/((-1)/(-796)*-2)?
1
Let s = 10 + 12. Let n = 76 - 80. Let i = s + n. What is the units digit of i?
8
Suppose -w + 3*k + 555 + 118 = 0, 5*k = 15. What is the hundreds digit of w?
6
Suppose l - 320 = 42. What is the hundreds digit of l?
3
Suppose s - 8 = -3*j, 0*j - s - 10 = -3*j. Suppose j*o + q = 4*q + 102, o - 10 = -5*q. Suppose -o*y + 31*y = 62. What is the tens digit of y?
6
Let o be (-1)/2 - 22/(-4). Suppose -o*t - 40 = -0*t. What is the units digit of (-349)/t - (-30)/80?
4
Let b = 8 - 10. Let i(k) = k**2 - k - 1. Let j be i(b). Suppose -2*u - 2*f + 24 = -16, 0 = -j*f - 10. What is the units digit of u?
2
Let a(k) = 8*k + 4. Let s(x) = x. Let v(i) = 4*a(i) - 8*s(i). Let y be v(-4). What is the units digit of y/30*3/(-2)?
4
Suppose 3*r - 8*r + 605 = 0. Let c = r + -55. What is the units digit of c?
6
Suppose -5*j - 80 = -10*j. Suppose -5*b + j = -4. Suppose l = 5*u + 51, 3*u - b*u = -2*l + 57. What is the units digit of l?
6
Let n be (-9 + 2)/(2 - 81/39). Suppose -n = -3*r + 77. What is the tens digit of r?
5
Suppose 5*w + 4*q - 2636 = w, -5*q = 3*w - 1987. What is the units digit of w?
4
Suppose 0 = -4*o + 20*o - 9184. What is the hundreds digit of o?
5
Suppose -117 = -10*a + 403. What is the tens digit of a?
5
Let m(a) = -a**3 - 8*a**2 + 5*a - 8. Let b be m(-8). Let r be -10*(-2 + b/(-15)). Let y = 22 + r. What is the units digit of y?
0
Suppose -3*f - t + 4*t + 870 = 0, -4*f = 4*t - 1120. Let l = f - -31. What is the hundreds digit of l?
3
Suppose -z = i + 12, -15 = 3*z + 2*z. Let p be (i/(-27))/((-2)/66). Let n(y) = 2*y**2 + 16*y - 3. What is the tens digit of n(p)?
6
Let j be 108/26 + (-378)/(-78) + -5. What is the tens digit of (j/(-8) + (-1605)/6)/(-1)?
6
Suppose 0 = 3*v - p - 40, 4*v - 3*p - 64 = p. Let t(m) = -3*m + 1. Let z be t(v). Let j = z + 50. What is the units digit of j?
5
Let g = 25 + -20. Let u(x) = 5*x**2 - 4 + g*x - 3*x**2 - 2*x - 2*x. What is the units digit of u(-6)?
2
Suppose 4*o = 5*y + 2*o + 38, -5*y = 2*o + 22. What is the units digit of (28/y)/((-29)/(-30) + -1)?
0
Suppose 2*u - 10 + 0 = -3*o, 0 = 3*u - 5*o - 15. Suppose -g + 6*g + 25 = 0, 3*g = u*r + 35. What is the units digit of (104/r)/(12/(-30))?
6
Suppose -10 - 5 = -3*j. Suppose 0 = j*k + 4*y - 1241, -3*k + 3*y = -84 - 666. What is the hundreds digit of k?
2
Let b(m) = -m**2 - 7*m + 22. Let k(q) = -5*q + 5. Let r be k(3). Let p be b(r). Let j(g) = 2*g**2 + 9*g - 10. What is the units digit of j(p)?
6
Let d(i) = i**3 + 3*i**2 - 5*i - 4. Let f be d(-4). Suppose f = -2*v + 4*v - 8. Suppose -2*g = -5*g - 2*z + 76, 2*z - 100 = -v*g. What is the tens digit of g?
2
Let w(s) = 19*s + 15*s + 30 - 26*s. What is the tens digit of w(9)?
0
Let v = -37 - -40. Suppose v*t - 92 = 247. What is the units digit of t?
3
Let x(f) = f**3 - 8*f**2 + 6*f + 12. Let k be x(7). Suppose -k*m + 84 = 5*d + 24, d = m - 8. What is the units digit of m?
0
Let g(p) = -p**3 + 5*p**2 - 3*p - 4. Suppose 10 + 2 = 2*s - 3*n, -2*s + 4*n + 14 = 0. Let c be g(s). Suppose 0*t - c = -5*t. What is the units digit of t?
1
Let c be (-12)/(-28) + 60/7. Suppose -888 = -13*l + c*l. What is the units digit of l?
2
Let b(n) = -n**3 + 3*n**2 - 2*n + 3. Let d be b(-4). Let v = d + -63. What is the units digit of v?
0
Let l be 1/(-2) + -1 - 9/(-2). What is the units digit of (-422)/(-4) - (l + (-27)/6)?
7
Suppose -3*s = -5*s + 4. Suppose 45 = 5*x + 5*i, -s*i + 6 = -4. What is the units digit of x?
4
Let y = -37 + 41. Let z(u) = 4*u**2 + 4*u - 3. What is the units digit of z(y)?
7
Let j(a) = -a**3 + 8*a**2 + 9*a + 3. Let p be j(9). What is the units digit of (-2)/(-3)*p - -40?
2
Let b(j) = -j + 37. Suppose 2*s - 15 = -47. What is the tens digit of b(s)?
5
Let a = -71 - -101. Let z be (-18)/a + (-13)/(-5). Suppose k + 30 = 3*m + z*k, -3*k + 27 = 2*m. What is the units digit of m?
9
Let h(y) = y**3 - 9*y**2 + 15*y - 2. Let u be h(7). Suppose -3*s + 126 = -3*w, -4*s + s = -u*w - 124. What is the tens digit of s?
4
Suppose -5*z + 20 = 0, -4*n = -9*z + 4*z - 860. Suppose 4*s - 60 - n = w, -2*s + 4*w = -140. What is the units digit of s?
0
Let l(m) = 5 + 2 + 4*m + 2 + m**2. Let c(h) = 2*h**2 + 8*h + 18. Let b(r) = 6*c(r) - 11*l(r). What is the units digit of b(-8)?
1
Let u = -1574 + 4424. What is the thousands digit of u?
2
Suppose 5*t = 5*o - 6085, 2*o - 2*t - 2444 = 2*t. What is the hundreds digit of o?
2
Suppose 38090 = 11*l - 5*k, 0 = k - 10 + 5. What is the hundreds digit of l?
4
Let l be (-190)/(-3) + (-6)/18. Suppose -12 = -4*q + k + 28, 5*q + 2*k = l. What is the units digit of q?
1
Suppose -5*z = -8*z. Suppose -4*p + 7 - 23 = z. What is the units digit of p + 4 + 12 + -1?
1
Let h = 474 - 340. What is the tens digit of h?
3
Let u(j) = 1112 - 4*j**3 - 13*j**2 - j - 1092 + 3*j**3. What is the units digit of u(-13)?
3
Let s be (-6)/1*10/(-15). Let f be (-7 + s)/(3/(-6)). Suppose -f*z + z = -155. What is the units digit of z?
1
Let k = -12 + 10. Let y(z) = 13*z - 12*z + 1 + 0 + 3. What is the units digit of y(k)?
2
Let c be (-2)/(2 + (-15)/6). Suppose 0 = -c*f + 59 - 19. Let s = f - -15. What is the units digit of s?
5
Let w(q) = -q**2 - 16*q + 15. What is the units digit of w(-15)?
0
Let g(f) = -4*f**2 + f - 9. Let r(b) = 3*b - 20. Let l be r(8). Let h be g(l). Let x = -49 - h. What is the units digit of x?
0
Suppose 0 = 5*x + 2*d - 1459, -2*x + 4*x - 601 = 5*d. Let c = 505 - x. What is the hundreds digit of c?
2
Let t(q) = q**2 - 8*q - 12. Let n(o) = -o**2 - 11*o + 2. Let a be (65/26)/(1/(-4)). Let i be n(a). What is the units digit of t(i)?
6
Suppose 5*r - 20 = -4*d, -2*r + 4 = -3*d - 4. Let u(c) = 4*c - 9 + c**2 + 0*c - 5*c - r*c. What is the units digit of u(8)?
5
Suppose 0 = -4*d - r + 11871, 1742 = d - 3*r - 1242. What is the units digit of d?
9
Let p be (2 - 6)/(-4) + 60. Let n = -22 + p. Suppose -4*t = 5*k - n, -4*t - 2*k - k + 33 = 0. What is the units digit of t?
6
Let a be -99 - (8/(-14))/(6/(-21)). Let b = a - -198. What is the tens digit of b?
9
Suppose 838 = 2*r + 160. What is the hundreds digit of r?
3
Let c(p) = -6*p**3 - 12*p**2 - 43*p - 13. What is the hundreds digit of c(-7)?
7
Let m(t) = -t**3 - t**2 + 3*t + 3. Let b be m(-2). Suppose -2*p = -5*k + 81, 2*p + 51 = 7*k - 4*k. What is the tens digit of (-4 - b)*k/(-5)?
1
Let l = -7 + 1. Suppose 3*k + 1 = -2. What is the units digit of 1*(0 + k)*l?
6
Suppose 2*c = -4*u - 12, -2*c - 15 = -0*c + 5*u. Suppose -28*z - 191 + 1535 = 0. Suppose 3*m + c - z = 0. What is the tens digit of m?
1
Let p(a) = a**2 + 6*a - 11. Let g be p(-7). Let h(s) = -s**3 - 3*s**2 + 4*s - 2. Let u be h(g). What is the units digit of (-3 - -4)*u - -8?
6
Let x(n) = n. Let c(l) = -4*l +